g(v) = 2*v + 3. Let n(p) = -g(p) + 6*z(p). What is n(-3)?
-15
Let o(c) = c**2 - 11*c + 9. Suppose -p - 2*z + 7*z + 7 = 0, 2*p - 14 = -4*z. Calculate o(p).
-19
Let b(n) be the first derivative of n**4/4 + n**3/3 + n**2/2 - 4*n - 2. Determine b(0).
-4
Let t(i) be the first derivative of -i**4/4 - i**3 - i**2/2 - i + 1. Let f(j) = j**3 + 2*j**2. Let c be f(-4). Let m be (c/20 - -2)*-5. Calculate t(m).
-3
Let u(c) be the third derivative of c**8/20160 - c**7/1260 + c**6/240 - c**5/30 - c**2. Let t(d) be the third derivative of u(d). What is t(2)?
-1
Let o(n) be the third derivative of -n**4/24 + n**3 - 2*n**2. Give o(10).
-4
Let x(k) = k**3 - 3*k**2 - 3*k. Suppose 7*t - 8 = 5*t. Give x(t).
4
Let y(a) = -6 - 8*a**2 - 2*a - 6*a**2 + 4*a. Let c(m) = -5*m**2 + m - 2. Let n(k) = -11*c(k) + 4*y(k). Calculate n(-2).
0
Let q(o) = 2*o**2. Let d be q(1). Let c(y) = 2*y - d*y + 1 + y. Let z be c(1). Let r(n) = -n**2. What is r(z)?
-4
Let f(g) = -g**2 - 6*g + 3. Let n be f(-6). Let s(u) = u + u - 3*u - u**3 + 4 + 2*u**n. What is s(0)?
4
Let k be (9/6)/(2/4). Let v = -3 + k. Suppose v*p = p + 3. Let l(g) = -2*g. What is l(p)?
6
Let u(w) be the third derivative of -w**6/360 - w**5/40 - w**4/12 + w**3/3 - 2*w**2. Let q(z) be the first derivative of u(z). Let g = -4 + 1. What is q(g)?
-2
Let l(q) = 4*q + 14. Let a(w) = -w - 5. Let m(b) = -11*a(b) - 4*l(b). Let t(h) = -h + 7. Let g be t(8). Determine m(g).
4
Let z(f) = -3*f - 6 - 5*f - 16*f**2 + 15*f**2. Give z(-6).
6
Let v = 11 - 7. Let h(i) = i - 1 + 1. Give h(v).
4
Let z(v) be the third derivative of -1/720*v**6 + 0*v**3 + 0*v - 1/24*v**4 + 0 - 2*v**2 + 1/40*v**5. Let m(t) be the second derivative of z(t). What is m(-3)?
6
Suppose 0 = t + 5*t. Let x(i) = -i**2 + i + 11. What is x(t)?
11
Let j(i) = i**3 - 4*i**2 - 4*i + 1. Let f be (216/(-20))/(-2) - (-6)/(-15). Determine j(f).
6
Suppose -4*q - 75 = -q. Let v be (-4)/10 - (-115)/q. Let o(h) = -h**3 - 6*h**2 - 3*h + 2. Calculate o(v).
-8
Let w(g) be the first derivative of g**5/30 - g**4/12 + g**3/3 + 3. Let i(d) be the third derivative of w(d). Suppose -3*m + 6 = -3. Determine i(m).
10
Let x(w) = -w**2 + 9*w - 6. Let l be x(8). Let s(f) = -7*f - 1. What is s(l)?
-15
Let q(s) = -2*s + 1. Suppose 1 = 5*i - 4. Suppose 0 = -2*n + 11 - i. Let l = 7 - n. Determine q(l).
-3
Let h(c) = c**2 - c + 2*c - 4*c**3 - 2499 + 2500. Give h(-1).
5
Let o(l) = -7*l**2 - 5*l + 11. Let p(i) = 8*i**2 + 6*i - 11. Let y(c) = -7*o(c) - 6*p(c). Determine y(0).
-11
Let z(m) be the third derivative of -m**7/840 - m**6/90 - m**5/60 - m**4/8 + m**3/2 + m**2. Let c(d) be the first derivative of z(d). Give c(-3).
-6
Let g(x) be the second derivative of -x**5/20 - x**4/12 - x**3/6 + 5*x**2/2 - x. Suppose 14*f - 2 = -2*h + 12*f, -2*f + 2 = 4*h. Determine g(h).
5
Suppose -5*t + 7 = 2. Let m(w) be the first derivative of -w**5/5 + w**4/6 - w**3/6 + w + 2. Let r(l) be the first derivative of m(l). What is r(t)?
-3
Let t(x) be the third derivative of x**7/1680 + x**6/240 - x**5/60 + 3*x**2. Let z(k) be the third derivative of t(k). Calculate z(-3).
-6
Let s = 33 - 29. Let d(u) = u**3 - 5*u**2 + 3*u - 3. Determine d(s).
-7
Let z be 7 - (-2)/(4/(-6)). Suppose s = -3*s + z. Let q(v) = v**2 - v + 1. What is q(s)?
1
Let q(f) = -f**3 + 4*f**2 + 2*f + 2. Let k(m) = -2*m**3 + 3*m**2 + 3*m + 3. Let z(b) = -2*k(b) + 3*q(b). What is z(-6)?
0
Let u(n) = n**3 + 4*n**2. Let o be (-1)/2 + 94/4. Let s = o + -7. Suppose x + s = -3*x. Determine u(x).
0
Let m(k) be the second derivative of -3/10*k**5 - 1/12*k**4 - 2*k + 0 + 1/2*k**2 + 0*k**3. Suppose 3*n = -0*n - 3. What is m(n)?
6
Let x(b) = -b**3 - 5*b**2 - b - 1. Let p = 8 + -15. Let v = 2 + p. Calculate x(v).
4
Suppose 0 = -5*w + 3*z + 10, 5*w + 5 = w + 5*z. Let h(b) = b**2 - 5*b + 3. Determine h(w).
3
Let r(x) be the first derivative of -x**4/12 + x**3/3 - 5*x**2/2 - 3. Let o(j) be the second derivative of r(j). Calculate o(-2).
6
Let m(w) be the third derivative of -w**4/24 + w**3/6 + 2*w**2. Suppose 0 = -2*l - 5*c - 1, -4*l + 6 = 4*c + 2. What is m(l)?
-1
Let f(g) = g**3 + 4*g**2 + 3*g + 4. Let y = -9 - -21. Suppose -9 = y*p - 9*p. Determine f(p).
4
Let p(l) = 2*l**3 + l**2 - 4*l - 1. Let r(j) = 2*j + 47. Let g be r(-25). Calculate p(g).
-34
Let x(t) = t**3 - 7*t**2 - 5*t - 4. Let y(c) = -2*c**3 + 15*c**2 + 11*c + 8. Let h(v) = 13*x(v) + 6*y(v). Calculate h(0).
-4
Let f(d) = d**3 - 7*d**2. Let l be f(7). Let o(s) = -1 - 3*s**2 + 4*s**2 + 7. Calculate o(l).
6
Let u(l) = -1 - 5*l - 5*l + 11*l. Calculate u(-3).
-4
Let x = 3 - -1. Suppose -x*f + 49 = -47. Suppose -3*j + 2*r + 3*r + 31 = 0, 2*j - 4*r = f. Let g(n) = n. What is g(j)?
2
Let o(m) = 3*m + 4. Let n(c) = 7*c + 9. Let a be 2/(-2) - 6/2. Let y(u) = a*n(u) + 9*o(u). Let l be -2*2/(-4) + 2. Give y(l).
-3
Suppose 5*m + 5 = 10. Suppose -5*v = -3*o + 3, 5*o - 5*v - 6 = -m. Let p(c) = -8*c + 1. Determine p(o).
-7
Let m(t) = t**2 + 3*t - 3. Suppose 5 = -7*u + 2*u. Let h(o) be the second derivative of o**5/10 - o**4/12 + o**3/6 + o**2/2 - 3*o. Let g be h(u). What is m(g)?
-3
Suppose -3*r = 4 - 10. Suppose l + 14 = 3*q, 3*l - 15 - 9 = -r*q. Suppose 0 = m - 2*y, -3*m = y - q*y. Let u(z) = z - 1. Give u(m).
-1
Suppose k - 6 = -2*b, -2*k - 2*k - 20 = -3*b. Let j(p) be the second derivative of 0 - 1/6*p**3 + 4*p + 0*p**2. Give j(b).
-4
Let l(c) = -2 - 4 + 6 - c**2 + c**3 + c. Let y(w) = -w**2 + 10*w - 9. Let p be y(9). Determine l(p).
0
Let l = -18 - -14. Let y(w) be the second derivative of -3/2*w**2 + w + 0 + 1/2*w**3 + 1/12*w**4. Determine y(l).
1
Let f(w) = -w**2 - 2*w + 4. Let x be f(-4). Let b = x - -5. Let j(m) = -m + m + 5*m**2. What is j(b)?
5
Suppose -2*y = 3*y - 45. Suppose d - y = 4*d. Let o(v) = 2*v - 3. Let w(t) = -t**2 + t - 1. Let h(g) = -o(g) + w(g). What is h(d)?
-4
Let n = 11 + -7. Let z(l) = 5*l + 5. Let b(t) = 4*t + 4. Let q(v) = -6*b(v) + 5*z(v). What is q(n)?
5
Let w(j) = -j**2 + 2*j + 6. Let t be (3/2)/((-54)/180). Calculate w(t).
-29
Let k(o) = -4*o + 0*o**2 + 3*o**2 - 10*o**2 + 6*o**2 + 1. Give k(-4).
1
Let u(p) be the first derivative of p**3/3 - 3*p**2/2 + 2*p - 16. Calculate u(5).
12
Let g(a) = -a**2 + 2 + 4 - a + a - 9*a. Let f be g(-10). Let m(p) = p**3 + 5*p**2 + 2*p - 5. Determine m(f).
3
Let a(r) = r**3 - 2*r**2 - r + 1. Let y be 8/6*(42/(-4))/(-7). Calculate a(y).
-1
Let b = 1 - 1. Suppose 4*x - 3*z - 4 + 8 = b, 0 = x + 2*z - 10. Let u(g) = g**2 + g - 2. Calculate u(x).
4
Let o(c) be the first derivative of -c**2/2 - 9. Suppose -4 = k - 2. Calculate o(k).
2
Let s(x) = x**3 - 7*x**2 + 5*x + 5. Suppose -6*l - 1 = -37. Give s(l).
-1
Let d(j) = -j**3 + 3*j**2 - j - 2. Let w be 10/35 - (-12)/7. Give d(w).
0
Let y(p) = -p - 5. Let k be 9*(2 + 2)/(-12). Let d(i) = 4*i + 14. Let q(t) = k*d(t) - 10*y(t). Determine q(6).
-4
Let h(m) = 7*m**3 - 6*m**2 - 8*m + 1. Let t(k) = 10*k**3 - 9*k**2 - 12*k + 2. Let o(w) = 7*h(w) - 5*t(w). Calculate o(3).
9
Let f = -3 - -8. Suppose 0*l + l = 3. Suppose l*a = f*a + 6. Let v(i) = -i**3 - 3*i**2 - 2. Give v(a).
-2
Suppose -41 + 5 = -9*h. Let t(x) = -x**2 + x - 1. Let w(s) = -3*s**2 + s - 2. Let g(p) = -4*t(p) + w(p). What is g(h)?
6
Let m be 3/(-2) - (-6)/12. Let r(f) = 22*f**3 - 2*f**2 + 2*f - 1. Let y be r(1). Let w be m/(-4) - y/(-12). Let v(u) = -u**3 + u**2 + 3*u - 3. What is v(w)?
-1
Let f(w) = -3*w**3 + 2*w**2 + w. Let u(z) = z**3 - z**2 + z - 1. Let d be u(1). Let i(q) = -q - 3 + d + 0*q. Let v be i(-2). Determine f(v).
4
Let m = -35 + 40. Let n(b) be the second derivative of b**7/2520 - b**6/144 - b**5/30 + b**4/12 + b. Let c(u) be the third derivative of n(u). What is c(m)?
-4
Let y = 19 - 17. Let v(b) be the third derivative of -b**5/30 + b**4/24 + b**3/3 + 2*b**2. What is v(y)?
-4
Let x(n) = 2*n**3 - 2*n**2 - 1. Suppose 3*j + 24 = -3*c, -4*c = c + 3*j + 38. Let u = c + 9. What is x(u)?
7
Let a(u) = 4*u - 1. Suppose 4*v + 3*j + 2*j - 39 = 0, 4*v - 15 = 3*j. Let g be (v/9)/(4/(-6)). Give a(g).
-5
Let o(p) = p**2 - 9*p + 2. Let q be o(9). Let x(l) = l**3 - 2*l**2 + 4*l - 3. Determine x(q).
5
Let n = 4 + -2. Let r(h) = -6*h + h**2 + 2 + 0 + n + 1. Let p be (-2)/2*-7 - 2. Give r(p).
0
Let q(w) = w. Let a be ((-30)/2)/(-3 - -4). Let m be (-4)/6*a/10. Determine q(m).
1
Let i(y) = 5*y - 4*y**2 - 3*y**2 - 2 + 6*y**2. Suppose -3*c - 2*r = r - 27, -4*c + 